{"id":2570,"date":"2019-11-29T21:36:58","date_gmt":"2019-11-29T21:36:58","guid":{"rendered":"http:\/\/startisten.de\/?page_id=2570"},"modified":"2019-11-29T21:39:53","modified_gmt":"2019-11-29T21:39:53","slug":"ein-gemuetliches-wochenende-2002","status":"publish","type":"page","link":"https:\/\/startisten.de\/?page_id=2570","title":{"rendered":"&#8222;Ein gem\u00fctliches Wochenende&#8220; &#8211; 2002"},"content":{"rendered":"<p><img loading=\"lazy\" class=\"size-medium wp-image-2575 aligncenter\" src=\"http:\/\/startisten.de\/wp-content\/uploads\/2019\/11\/gemuetliches_01-300x240.jpg\" alt=\"\" width=\"300\" height=\"240\" srcset=\"https:\/\/startisten.de\/wp-content\/uploads\/2019\/11\/gemuetliches_01-300x240.jpg 300w, https:\/\/startisten.de\/wp-content\/uploads\/2019\/11\/gemuetliches_01.jpg 720w\" sizes=\"(max-width: 300px) 100vw, 300px\" \/><\/p>\n<p>Die Kriminalkom\u00f6die &#8222;Ein gem\u00fctliches Wochenende&#8220; (&#8222;Au doigt et \u00e0 l\u00b4oeil&#8220;) in vier Akten von Jean Stuart.<br \/>\nDeutsche B\u00fchnenfassung von Friedrich Kallina<\/p>\n<p><strong>Was passiert ?<\/strong><\/p>\n<p>Wie nicht anders zu erwarten war, geht es beim &#8222;Gem\u00fctlichen Wochenende&#8220; alles andere als gem\u00fctlich zu: Statt der geplanten, geruhsamen Zweisamkeit m\u00fcssen die Akteure mit ungeahnte Zwischenf\u00e4llen fertig werden. Wie turbulent das Ganze wird, h\u00e4tte sich der Schriftsteller Raymond Villardier, dem die tolle Ferienwohnung geh\u00f6rt, kaum tr\u00e4umen lassen.<\/p>\n<p>Eigentlich wollte er ja &#8222;nur&#8220; seine Freundin Monique einladen. Dass dann sein Freund Emile vor deren Eintreffen ebenfalls mit Freundin Vicky aufkreuzt und zudem Raymonds Ehefrau Noelle und Schwiegermutter Simone im Schlepptau hat, nimmt Raymond etwas mit. Dabei hatte er so gut vorgesorgt und seinem Dienstm\u00e4dchen Suzanne 1000 Francs in die Hand gedr\u00fcckt, damit sie sich eine Reise nach Deauville leisten kann und die Bude sturmfrei ist. Dass daraus nichts wird, hat er seiner Frau zu verdanken. Suzanne muss bleiben. Wer soll denn sonst die versammelte Mannschaft bedienen. Pausenlos sinnt der verhinderte Schweren\u00f6ter dar\u00fcber nach, wie er Monique rechtzeitig abpassen kann, um keinen Eklat auszul\u00f6sen.<\/p>\n<p>Sein Plan misslingt nat\u00fcrlich. Dass in diese Misere noch die zwei Bankr\u00e4uber Maxime und Angelo samt mitgebrachter Beute platzen und die Wohnungsinsassen in Schach halten, bringt kaum einen Lichtblick, daf\u00fcr aber ein Arrangement unter den Beteiligten, das haupts\u00e4chlich auf das Vertuschen aller m\u00f6glichen und unm\u00f6glichen Zuf\u00e4lle ausgerichtet ist. Auch Polizeiinspektor Dambier hat M\u00fche, den Durchblick zu behalten und kann dennoch nicht ganz verhindern, dass er an der Nase herumgef\u00fchrt wird. Ein verbl\u00fcffendes Spielende ist jedenfalls programmiert.<\/p>\n<p><strong>Der Autor:<\/strong><\/p>\n<p>Jean Stuart wurde als Sohn spanisch-schottischer Eltern in Monaco geboren. Nach einem Jurastudium schien seine berufliche Laufbahn eine normale und keineswegs spektakul\u00e4re Entwicklung zu nehmen: Er trat in die <img loading=\"lazy\" class=\"size-full wp-image-2571 alignright\" src=\"http:\/\/startisten.de\/wp-content\/uploads\/2019\/11\/autor_stuart.jpg\" alt=\"\" width=\"159\" height=\"231\" \/>kaufm\u00e4nnische Verwaltung eines Chemieunternehmens ein und bereiste in dessen Auftrag ganz Europa und die USA. Vielleicht waren es diese st\u00e4ndigen Reisen, die seine Abenteuerlust weckten. Er k\u00fcndigte jedenfalls seinen Arbeitgebern, entdeckte seine Leidenschaft f\u00fcr den Automobilrennsport und fuhr in verschiedenen internationalen Wettbewerben f\u00fcr die Firmen Porsche und Ferrari.<br \/>\nautor_stuart.jpg (11060 Byte)<\/p>\n<p>Beim Gro\u00dfen Preis von Month\u00e9ry wurde diese sportliche Karriere j\u00e4h beendet: In einer Kurve \u00fcberschlug sich sein Wagen bei einer Geschwindigkeit von 200 Stundenkilometern. Stuart blieb zwar bei diesem Unfall wie durch ein Wunder unverletzt, doch gab er daraufhin seine Rennfahrerlaufbahn auf.<\/p>\n<p>Als Mitarbeiter einer Bergbaugesellschaft ging Stuart anschlie\u00dfend nach Afrika, lebte dort mehrere Jahre in Madagaskar, S\u00fcdafrika und in Kenia. In Gabun verbrachte er sechs Monate bei Dr. Albert Schweitzer in Lambarene, ging dann f\u00fcr ein Jahr nach Angola, kehrte aber 1967, nachdem er durch die Aufst\u00e4ndischen Bekanntschaft mit den dortigen Gef\u00e4ngnissen machen musste, nach Frankreich zur\u00fcck. Als Jean Stuart den ber\u00fchmten Georges Simenon kennen lernte, war das f\u00fcr ihn der Anlass, in Zukunft seinen Lebensunterhalt als Schriffsteller zu verdienen.<\/p>\n<p>Der Erfolg stellte sich schnell ein: Schon 1968 wurde sein erster Roman publiziert. Seither hat Stuart sieben Romane ver\u00f6ffentlicht, von denen &#8222;L\u2019homme qui valait des milliards&#8220; und &#8222;Le cave&#8220; auch verfilmt wurden. Viele seiner Novellen wurden in franz\u00f6sischen und ausl\u00e4ndischen Zeitschriften abgedruckt. Er schrieb Drehb\u00fccher f\u00fcr mehrere franz\u00f6sische und internationale Filme und \u00fcbersetzte englische und amerikanische Theaterst\u00fccke.<\/p>\n<p>Die Urauff\u00fchrung von &#8222;Au doigt et \u00e0 l\u00b4oeil&#8220; fand mit gro\u00dfem Erfolg 1972 in Paris im Th\u00e9\u00e2tre des Capucines mit Eddie Constantine in der Hauptrolle statt. Im franz\u00f6sischen Fernsehen erschien diese Kriminalkom\u00f6die erstmals 1978, auch die franz\u00f6sischsprachigen Fernsehsender in Belgien, Kanada und der Schweiz strahlten sie aus. Erfolgreich war Stuart auch mit dem Lustspiel &#8222;J\u2019arrive Mardi&#8230;&#8220;, das 1975 in Madrid Premiere hatte und unter dem Titel &#8222;Ankomme Dienstag \u2013 stop \u2013 fall nicht in Ohnmacht&#8220; auf deutschsprachigen B\u00fchnen ein Hit wurde.<\/p>\n<div id='gallery-1' class='gallery galleryid-2570 gallery-columns-3 gallery-size-thumbnail'><figure class='gallery-item'>\n\t\t\t<div class='gallery-icon landscape'>\n\t\t\t\t<a href='https:\/\/startisten.de\/?attachment_id=2574'><img width=\"150\" height=\"150\" src=\"https:\/\/startisten.de\/wp-content\/uploads\/2019\/11\/gemuetliches_10-150x150.jpg\" class=\"attachment-thumbnail size-thumbnail\" alt=\"\" loading=\"lazy\" \/><\/a>\n\t\t\t<\/div><\/figure><figure class='gallery-item'>\n\t\t\t<div class='gallery-icon portrait'>\n\t\t\t\t<a href='https:\/\/startisten.de\/?attachment_id=2583'><img width=\"150\" height=\"150\" src=\"https:\/\/startisten.de\/wp-content\/uploads\/2019\/11\/gemuetliches_09-150x150.jpg\" class=\"attachment-thumbnail size-thumbnail\" alt=\"\" loading=\"lazy\" \/><\/a>\n\t\t\t<\/div><\/figure><figure class='gallery-item'>\n\t\t\t<div class='gallery-icon portrait'>\n\t\t\t\t<a href='https:\/\/startisten.de\/?attachment_id=2582'><img width=\"150\" height=\"150\" src=\"https:\/\/startisten.de\/wp-content\/uploads\/2019\/11\/gemuetliches_08-150x150.jpg\" class=\"attachment-thumbnail size-thumbnail\" alt=\"\" loading=\"lazy\" \/><\/a>\n\t\t\t<\/div><\/figure><figure class='gallery-item'>\n\t\t\t<div class='gallery-icon portrait'>\n\t\t\t\t<a href='https:\/\/startisten.de\/?attachment_id=2581'><img width=\"150\" height=\"150\" src=\"https:\/\/startisten.de\/wp-content\/uploads\/2019\/11\/gemuetliches_07-150x150.jpg\" class=\"attachment-thumbnail size-thumbnail\" alt=\"\" loading=\"lazy\" \/><\/a>\n\t\t\t<\/div><\/figure><figure class='gallery-item'>\n\t\t\t<div class='gallery-icon landscape'>\n\t\t\t\t<a href='https:\/\/startisten.de\/?attachment_id=2580'><img width=\"150\" height=\"150\" src=\"https:\/\/startisten.de\/wp-content\/uploads\/2019\/11\/gemuetliches_06-150x150.jpg\" class=\"attachment-thumbnail size-thumbnail\" alt=\"\" loading=\"lazy\" \/><\/a>\n\t\t\t<\/div><\/figure><figure class='gallery-item'>\n\t\t\t<div class='gallery-icon portrait'>\n\t\t\t\t<a href='https:\/\/startisten.de\/?attachment_id=2579'><img width=\"150\" height=\"150\" src=\"https:\/\/startisten.de\/wp-content\/uploads\/2019\/11\/gemuetliches_05-150x150.jpg\" class=\"attachment-thumbnail size-thumbnail\" alt=\"\" loading=\"lazy\" \/><\/a>\n\t\t\t<\/div><\/figure><figure class='gallery-item'>\n\t\t\t<div class='gallery-icon landscape'>\n\t\t\t\t<a href='https:\/\/startisten.de\/?attachment_id=2578'><img width=\"150\" height=\"150\" src=\"https:\/\/startisten.de\/wp-content\/uploads\/2019\/11\/gemuetliches_04-150x150.jpg\" class=\"attachment-thumbnail size-thumbnail\" alt=\"\" loading=\"lazy\" \/><\/a>\n\t\t\t<\/div><\/figure><figure class='gallery-item'>\n\t\t\t<div class='gallery-icon landscape'>\n\t\t\t\t<a href='https:\/\/startisten.de\/?attachment_id=2577'><img width=\"150\" height=\"150\" src=\"https:\/\/startisten.de\/wp-content\/uploads\/2019\/11\/gemuetliches_03-150x150.jpg\" class=\"attachment-thumbnail size-thumbnail\" alt=\"\" loading=\"lazy\" \/><\/a>\n\t\t\t<\/div><\/figure><figure class='gallery-item'>\n\t\t\t<div class='gallery-icon portrait'>\n\t\t\t\t<a href='https:\/\/startisten.de\/?attachment_id=2576'><img width=\"150\" height=\"150\" src=\"https:\/\/startisten.de\/wp-content\/uploads\/2019\/11\/gemuetliches_02-150x150.jpg\" class=\"attachment-thumbnail size-thumbnail\" alt=\"\" loading=\"lazy\" \/><\/a>\n\t\t\t<\/div><\/figure><figure class='gallery-item'>\n\t\t\t<div class='gallery-icon landscape'>\n\t\t\t\t<a href='https:\/\/startisten.de\/?attachment_id=2575'><img width=\"150\" height=\"150\" src=\"https:\/\/startisten.de\/wp-content\/uploads\/2019\/11\/gemuetliches_01-150x150.jpg\" class=\"attachment-thumbnail size-thumbnail\" alt=\"\" loading=\"lazy\" \/><\/a>\n\t\t\t<\/div><\/figure>\n\t\t<\/div>\n\n<p>&nbsp;<\/p>\n<div id=\"OKAYFREEDOM_INJECTED\" style=\"display: none;\"><\/div>\n<p><script src=\"moz-extension:\/\/27278095-acba-40ca-9c67-c829c2c7f937\/web\/libs\/ciuvo-addon-sdk.min.js\" async=\"\"><\/script><\/p>\n","protected":false},"excerpt":{"rendered":"<p>Die Kriminalkom\u00f6die &#8222;Ein gem\u00fctliches Wochenende&#8220; (&#8222;Au doigt et \u00e0 l\u00b4oeil&#8220;) in vier Akten von Jean Stuart. Deutsche B\u00fchnenfassung von Friedrich Kallina Was passiert ? Wie nicht anders zu erwarten war, geht es beim &#8222;Gem\u00fctlichen Wochenende&#8220; alles andere als gem\u00fctlich zu: Statt der geplanten, geruhsamen Zweisamkeit m\u00fcssen die Akteure mit ungeahnte Zwischenf\u00e4llen fertig werden. Wie turbulent [&hellip;]<\/p>\n","protected":false},"author":1,"featured_media":0,"parent":0,"menu_order":0,"comment_status":"closed","ping_status":"closed","template":"","meta":[],"uagb_featured_image_src":{"full":false,"thumbnail":false,"medium":false,"medium_large":false,"large":false,"1536x1536":false,"2048x2048":false},"uagb_author_info":{"display_name":"wpadmin","author_link":"https:\/\/startisten.de\/?author=1"},"uagb_comment_info":0,"uagb_excerpt":"Die Kriminalkom\u00f6die &#8222;Ein gem\u00fctliches Wochenende&#8220; (&#8222;Au doigt et \u00e0 l\u00b4oeil&#8220;) in vier Akten von Jean Stuart. Deutsche B\u00fchnenfassung von Friedrich Kallina Was passiert ? Wie nicht anders zu erwarten war, geht es beim &#8222;Gem\u00fctlichen Wochenende&#8220; alles andere als gem\u00fctlich zu: Statt der geplanten, geruhsamen Zweisamkeit m\u00fcssen die Akteure mit ungeahnte Zwischenf\u00e4llen fertig werden. Wie turbulent&hellip;","_links":{"self":[{"href":"https:\/\/startisten.de\/index.php?rest_route=\/wp\/v2\/pages\/2570"}],"collection":[{"href":"https:\/\/startisten.de\/index.php?rest_route=\/wp\/v2\/pages"}],"about":[{"href":"https:\/\/startisten.de\/index.php?rest_route=\/wp\/v2\/types\/page"}],"author":[{"embeddable":true,"href":"https:\/\/startisten.de\/index.php?rest_route=\/wp\/v2\/users\/1"}],"replies":[{"embeddable":true,"href":"https:\/\/startisten.de\/index.php?rest_route=%2Fwp%2Fv2%2Fcomments&post=2570"}],"version-history":[{"count":3,"href":"https:\/\/startisten.de\/index.php?rest_route=\/wp\/v2\/pages\/2570\/revisions"}],"predecessor-version":[{"id":2584,"href":"https:\/\/startisten.de\/index.php?rest_route=\/wp\/v2\/pages\/2570\/revisions\/2584"}],"wp:attachment":[{"href":"https:\/\/startisten.de\/index.php?rest_route=%2Fwp%2Fv2%2Fmedia&parent=2570"}],"curies":[{"name":"wp","href":"https:\/\/api.w.org\/{rel}","templated":true}]}}