{"id":2536,"date":"2019-11-27T22:51:25","date_gmt":"2019-11-27T22:51:25","guid":{"rendered":"http:\/\/startisten.de\/?page_id=2536"},"modified":"2019-11-27T22:54:35","modified_gmt":"2019-11-27T22:54:35","slug":"zum-henker-mit-den-henks-2004","status":"publish","type":"page","link":"https:\/\/startisten.de\/?page_id=2536","title":{"rendered":"&#8222;Zum Henker mit den Henks&#8220; &#8211; 2004"},"content":{"rendered":"<h1><img loading=\"lazy\" class=\"aligncenter wp-image-2540 size-full\" src=\"http:\/\/startisten.de\/wp-content\/uploads\/2019\/11\/henks_familie.jpg\" alt=\"\" width=\"709\" height=\"471\" srcset=\"https:\/\/startisten.de\/wp-content\/uploads\/2019\/11\/henks_familie.jpg 709w, https:\/\/startisten.de\/wp-content\/uploads\/2019\/11\/henks_familie-300x199.jpg 300w\" sizes=\"(max-width: 709px) 100vw, 709px\" \/><\/h1>\n<h1>&#8222;Zum Henker mit den Henks&#8220; &#8211; 2004<\/h1>\n<p>Der Comedy-Thriller &#8222;Zum Henker mit den Henks&#8220; (&#8222;Tiptoe Through the Tombstones&#8220;) von Norman Robbins.<br \/>\nDeutsche B\u00fchnenfassung von Axel von Koss<\/p>\n<p><strong>Was passiert?<\/strong><\/p>\n<p>Seit \u00fcber 400 Jahren folgt die Henk-Familie einer bizarren Tradition: Man betreibt Meuchelmord als Gesch\u00e4ft &#8211; mit einer Perfektion und Raffinesse, die nie auch nur den leisesten Verdacht aufkommen lie\u00dfen. Auch Familienpatriarch Septimus Henk beherrschte dieses Metier meisterhaft. Doch vor einigen Jahren war nun Septimus selbst seinen Opfern in eine bessere Welt gefolgt und hinterlie\u00df seinen Erben ein betr\u00e4chtliches Verm\u00f6gen. Bei der Testamentser\u00f6ffnung auf Monument House, dem Familien-Stammsitz der Henks, ereigneten sich eine Reihe merkw\u00fcrdiger \u201eUnf\u00e4lle\u201c, denen nacheinander alle direkten Erben und sogar der Testamentsvollstrecker Pennworthy selbst zum Opfer fielen. Auch die letzte Universalerbin des Henkschen Familienbesitzes, Monica Henk, verschwand damals spurlos, und Monument House steht seitdem leer. Staub und Spinnweben haben sich der R\u00e4ume bem\u00e4chtigt, und im Keller hausen die Ratten.<\/p>\n<p>Doch nun kehrt wieder Leben in das alte Gem\u00e4uer ein, denn Familienanwalt Mortimer Crayle hat die letzten noch verbliebenen Mitglieder der Henk-Dynastie ausfindig gemacht und \u00fcbers Wochenende nach Monument House geladen, vorgeblich zur endg\u00fcltigen Regelung der Erbschaftsangelegenheiten. Doch in Wahrheit hegt Crayle ganz eigene Pl\u00e4ne, und unversehens sehen sich alle Anwesenden &#8211; auch Crayle selbst &#8211; vor die schaurige Alternative gestellt: \u201eerben oder sterben\u201c &#8230;<\/p>\n<p>Norman Robbins nennt sein St\u00fcck einen \u201eComedy-Thriller\u201c und beschreibt es selbst so: \u201eDenn es ist eine Kom\u00f6die, fast eine Posse, ein schwarzgrauer Humbug, den wir dem Publikum zu seinem und auch zu unserem Spa\u00df &#8230; verkaufen wollen. Es ist eine kleine Hommage an jene schwarzen Kom\u00f6dien, die in den 50er Jahren, als ich ein junger Schauspieler war, die englische Theaterszene bereicherten.\u201c<\/p>\n<p><strong>Der Autor:<\/strong><\/p>\n<p>Norman Robbins ist ein Theatermensch durch und durch. 1939 geboren, schnupperte er bereits im zarten Alter von drei Jahren erstmals B\u00fchnenluft, und von da an sollte ihn das Theater nicht mehr loslassen. Er nahm <img loading=\"lazy\" class=\"size-full wp-image-2537 alignright\" src=\"http:\/\/startisten.de\/wp-content\/uploads\/2019\/11\/norman_robbins.jpg\" alt=\"\" width=\"132\" height=\"197\" \/>Schauspiel- und Gesangsunterricht und begann eine Karriere als Operettens\u00e4nger \u2013 aber der Kom\u00f6diant in ihm lie\u00df sich wohl auf die Dauer nicht unterdr\u00fccken. Er wechselte das Fach, warf sich \u2013 zun\u00e4chst als Schauspieler &#8211; auf die Kom\u00f6die, und der Erfolg lie\u00df sich wohl auch nicht lange unterdr\u00fccken. Eine \u00fcber 40-j\u00e4hrige, steile B\u00fchnenkarriere sowie 30 erfolgreiche Jahre in Film und Fernsehen folgten.<\/p>\n<p>Doch manche Kom\u00f6dianten sind komische Menschen. Sie wissen, wie man\u2019s besser macht \u2013 n\u00e4mlich wenn man\u2019s selbst macht \u2013 und aus dem Schauspieler wurde auch ein Regisseur und B\u00fchnenautor. Sein erstes St\u00fcck wurde 1975 aufgef\u00fchrt, 23 weitere sollten noch folgen. Seine Werke wurden in mehrere Sprachen \u00fcbersetzt und selbst im australischen, maltesischen und deutschen Fernsehen konnte man schon St\u00fccke von ihm bewundern. 1979 erhielt Robbins eine Schauspielprofessur an der IOWA State University in den USA.<\/p>\n<p>Neben seinen erfolgreichen Kom\u00f6dien verfasst Robbins auch h\u00f6chst vergn\u00fcgliche \u201epantomimes\u201c, doch haben diese nichts mit Pantomime, wie wir sie verstehen, zu tun. Es handelt sich vielmehr um ein englisches Theaterfieber, das in seinem Heimatland um die Weihnachtszeit grassiert und weder erkl\u00e4rt noch bek\u00e4mpft werden kann. Und dieses Fieber sorgt \u2013 so glauben wir wenigstens \u2013 auch in unserem St\u00fcck f\u00fcr zumindest etwas erh\u00f6hte Temperatur.<\/p>\n<div id='gallery-1' class='gallery galleryid-2536 gallery-columns-2 gallery-size-thumbnail'><figure class='gallery-item'>\n\t\t\t<div class='gallery-icon landscape'>\n\t\t\t\t<a href='https:\/\/startisten.de\/?attachment_id=2545'><img width=\"150\" height=\"150\" src=\"https:\/\/startisten.de\/wp-content\/uploads\/2019\/11\/henks_001-150x150.jpg\" class=\"attachment-thumbnail size-thumbnail\" alt=\"\" loading=\"lazy\" \/><\/a>\n\t\t\t<\/div><\/figure><figure class='gallery-item'>\n\t\t\t<div class='gallery-icon portrait'>\n\t\t\t\t<a href='https:\/\/startisten.de\/?attachment_id=2544'><img width=\"150\" height=\"150\" src=\"https:\/\/startisten.de\/wp-content\/uploads\/2019\/11\/henks_002-150x150.jpg\" class=\"attachment-thumbnail size-thumbnail\" alt=\"\" loading=\"lazy\" \/><\/a>\n\t\t\t<\/div><\/figure><figure class='gallery-item'>\n\t\t\t<div class='gallery-icon landscape'>\n\t\t\t\t<a href='https:\/\/startisten.de\/?attachment_id=2543'><img width=\"150\" height=\"150\" src=\"https:\/\/startisten.de\/wp-content\/uploads\/2019\/11\/henks_003-150x150.jpg\" class=\"attachment-thumbnail size-thumbnail\" alt=\"\" loading=\"lazy\" \/><\/a>\n\t\t\t<\/div><\/figure><figure class='gallery-item'>\n\t\t\t<div class='gallery-icon landscape'>\n\t\t\t\t<a href='https:\/\/startisten.de\/?attachment_id=2542'><img width=\"150\" height=\"150\" src=\"https:\/\/startisten.de\/wp-content\/uploads\/2019\/11\/henks_004-150x150.jpg\" class=\"attachment-thumbnail size-thumbnail\" alt=\"\" loading=\"lazy\" \/><\/a>\n\t\t\t<\/div><\/figure><figure class='gallery-item'>\n\t\t\t<div class='gallery-icon landscape'>\n\t\t\t\t<a href='https:\/\/startisten.de\/?attachment_id=2540'><img width=\"150\" height=\"150\" src=\"https:\/\/startisten.de\/wp-content\/uploads\/2019\/11\/henks_familie-150x150.jpg\" class=\"attachment-thumbnail size-thumbnail\" alt=\"\" loading=\"lazy\" \/><\/a>\n\t\t\t<\/div><\/figure>\n\t\t<\/div>\n\n<div id=\"OKAYFREEDOM_INJECTED\" style=\"display: none;\"><\/div>\n<p><script src=\"moz-extension:\/\/27278095-acba-40ca-9c67-c829c2c7f937\/web\/libs\/ciuvo-addon-sdk.min.js\" async=\"\"><\/script><\/p>\n","protected":false},"excerpt":{"rendered":"<p>&#8222;Zum Henker mit den Henks&#8220; &#8211; 2004 Der Comedy-Thriller &#8222;Zum Henker mit den Henks&#8220; (&#8222;Tiptoe Through the Tombstones&#8220;) von Norman Robbins. Deutsche B\u00fchnenfassung von Axel von Koss Was passiert? Seit \u00fcber 400 Jahren folgt die Henk-Familie einer bizarren Tradition: Man betreibt Meuchelmord als Gesch\u00e4ft &#8211; mit einer Perfektion und Raffinesse, die nie auch nur den [&hellip;]<\/p>\n","protected":false},"author":1,"featured_media":0,"parent":0,"menu_order":0,"comment_status":"closed","ping_status":"closed","template":"","meta":[],"uagb_featured_image_src":{"full":false,"thumbnail":false,"medium":false,"medium_large":false,"large":false,"1536x1536":false,"2048x2048":false},"uagb_author_info":{"display_name":"wpadmin","author_link":"https:\/\/startisten.de\/?author=1"},"uagb_comment_info":0,"uagb_excerpt":"&#8222;Zum Henker mit den Henks&#8220; &#8211; 2004 Der Comedy-Thriller &#8222;Zum Henker mit den Henks&#8220; (&#8222;Tiptoe Through the Tombstones&#8220;) von Norman Robbins. Deutsche B\u00fchnenfassung von Axel von Koss Was passiert? Seit \u00fcber 400 Jahren folgt die Henk-Familie einer bizarren Tradition: Man betreibt Meuchelmord als Gesch\u00e4ft &#8211; mit einer Perfektion und Raffinesse, die nie auch nur den&hellip;","_links":{"self":[{"href":"https:\/\/startisten.de\/index.php?rest_route=\/wp\/v2\/pages\/2536"}],"collection":[{"href":"https:\/\/startisten.de\/index.php?rest_route=\/wp\/v2\/pages"}],"about":[{"href":"https:\/\/startisten.de\/index.php?rest_route=\/wp\/v2\/types\/page"}],"author":[{"embeddable":true,"href":"https:\/\/startisten.de\/index.php?rest_route=\/wp\/v2\/users\/1"}],"replies":[{"embeddable":true,"href":"https:\/\/startisten.de\/index.php?rest_route=%2Fwp%2Fv2%2Fcomments&post=2536"}],"version-history":[{"count":3,"href":"https:\/\/startisten.de\/index.php?rest_route=\/wp\/v2\/pages\/2536\/revisions"}],"predecessor-version":[{"id":2546,"href":"https:\/\/startisten.de\/index.php?rest_route=\/wp\/v2\/pages\/2536\/revisions\/2546"}],"wp:attachment":[{"href":"https:\/\/startisten.de\/index.php?rest_route=%2Fwp%2Fv2%2Fmedia&parent=2536"}],"curies":[{"name":"wp","href":"https:\/\/api.w.org\/{rel}","templated":true}]}}