{"id":2523,"date":"2019-11-27T22:45:34","date_gmt":"2019-11-27T22:45:34","guid":{"rendered":"http:\/\/startisten.de\/?page_id=2523"},"modified":"2019-11-27T22:48:52","modified_gmt":"2019-11-27T22:48:52","slug":"kugeln-auf-schloss-eastermoore-2006","status":"publish","type":"page","link":"https:\/\/startisten.de\/?page_id=2523","title":{"rendered":"&#8222;Kugeln auf Schloss Eastermoore&#8220; &#8211; 2006"},"content":{"rendered":"<h1><img loading=\"lazy\" class=\"wp-image-2525 size-full aligncenter\" src=\"http:\/\/startisten.de\/wp-content\/uploads\/2019\/11\/bubblegum_premiere-0.jpg\" alt=\"\" width=\"732\" height=\"599\" srcset=\"https:\/\/startisten.de\/wp-content\/uploads\/2019\/11\/bubblegum_premiere-0.jpg 732w, https:\/\/startisten.de\/wp-content\/uploads\/2019\/11\/bubblegum_premiere-0-300x245.jpg 300w\" sizes=\"(max-width: 732px) 100vw, 732px\" \/>&#8222;Kugeln auf Schloss Eastermoore&#8220; &#8211; 2006<\/h1>\n<p><strong>Was passiert?<\/strong><\/p>\n<p>Wir befinden uns im kleinen Salon von Schloss Eastermoore. Von vergangenen guten Zeiten ist nicht mehr viel zu sehen. Der Barock-Sekret\u00e4r, die Standuhr und die kostbaren Gem\u00e4lde sind gepf\u00e4ndet. Sie befinden sich mit den kunstvoll geschnitzten Zimmert\u00fcren, die provisorisch durch ein paar abgenutzte St\u00fccke aus Abstellr\u00e4umen ersetzt worden sind, und fast dem gesamten Inventar zur Versteigerung bei Sotheby\u2019s. Nur einen sperrigen Schrank, der sich dem Abtransport widersetzte und das als unverk\u00e4uflich eingesch\u00e4tzte Bild des Familienkaters Lord Maunz Batton hat man zur\u00fcckgelassen.<\/p>\n<p>Denn Lord Eastermoore ist pleite.<\/p>\n<p>Als Ehrenmann alten Schlages hat er daher den einzigen, einem wahren Gentleman m\u00f6glichen Entschluss gefasst: Er will seinem Leben ein Ende <a href=\"http:\/\/startisten.de\/wp-content\/uploads\/2019\/11\/presse_bubblegum.jpg\"><img loading=\"lazy\" class=\"alignleft wp-image-2532 size-medium\" src=\"http:\/\/startisten.de\/wp-content\/uploads\/2019\/11\/presse_bubblegum-214x300.jpg\" alt=\"\" width=\"214\" height=\"300\" srcset=\"https:\/\/startisten.de\/wp-content\/uploads\/2019\/11\/presse_bubblegum-214x300.jpg 214w, https:\/\/startisten.de\/wp-content\/uploads\/2019\/11\/presse_bubblegum.jpg 404w\" sizes=\"(max-width: 214px) 100vw, 214px\" \/><\/a>setzen. Lady Ellen, seine Gattin, ist bereit, diese Reise mit ihm zusammen anzutreten. Doch Selbstmord ist nicht so einfach, wie sich die beiden das vorgestellt haben. Und als sie dann auch noch erfahren, dass die Lebensversicherung bei Selbstmord keinen Penny zahlen will, \u00e4ndert der Lord seine Pl\u00e4ne.<\/p>\n<p>Seien Sie gespannt, auf welch genialen Plan der Lord verf\u00e4llt, was die Kugeln, die allenthalben auf Schloss Eastermoore auftauchen, damit zu tun haben, warum Einbruchsspezialist Harold Ballard und seine ihm j\u00fcngst angetraute Gattin Wendy deshalb auf eine Hochzeitsreise hoffen, und Tante Marthas j\u00e4hrliches Bridge-Turnier ein turbulentes Ende nimmt.<\/p>\n<p><strong>Der Autor:<\/strong><\/p>\n<p>Das Schicksal geht manchmal gar krumme Wege. So auch im Fall J\u00fcrgen Baumgarten.<\/p>\n<p>In die Wiege wurde dem Handwerkersohn das Schreiben nicht unbedingt gelegt, nur seine (noch heute) eher zierlichen H\u00e4nde zeigten, dass er nicht <img loading=\"lazy\" class=\"size-full wp-image-2524 alignright\" src=\"http:\/\/startisten.de\/wp-content\/uploads\/2019\/11\/autor_juergen_baumgarten.jpg\" alt=\"\" width=\"146\" height=\"119\" \/>unbedingt f\u00fcr festes Anpacken geschaffen wurde. Geschichten zu erfinden und zu spielen, gefiel ihm aber fr\u00fch.<\/p>\n<p>Dennoch: In der Schultheatergruppe hat er zwar einmal souffliert, sonst aber nur zugeschaut. Und viel geschrieben hat er in jener Zeit auch nicht, sein Hobby war das Filmen auf Super 8, dort hinein flossen die kreativen Energien.<\/p>\n<p>Dies \u00e4nderte sich nach Beendigung des ungeliebten Wehrdienstes: Sein Bruder Christian holte ihn als Ersatzdarsteller in eine junge Theatergruppe, und da blieb J\u00fcrgen Baumgarten h\u00e4ngen. Er befand bald, dass es zu wenige St\u00fccke gab, die auf die zumeist jungen und \u00fcberwiegend weiblichen Darsteller passten. So entstand aus dieser Not die erste Kom\u00f6die \u201eStudentenfutter&#8220;.<\/p>\n<p>Bis heute folgten mehr als ein Dutzend weitere St\u00fccke, vorwiegend heitere, aber auch ein Drama und ein preisgekr\u00f6ntes Jugendst\u00fcck (&#8222;Das erste Mal&#8220;, erschienen im Impuls-Verlag) sind darunter. Gespielt wird der Autor Baumgarten auf Amateurb\u00fchnen in ganz Deutschland, auch in Mundart und auf Freilichtb\u00fchnen. Erste Werke wurden inzwischen ins Schweizerdeutsche und ins Holl\u00e4ndische \u00fcbersetzt.<\/p>\n<p>Vorl\u00e4ufiger H\u00f6hepunkt von Baumgartens schriftstellerischer Laufbahn waren die Annahme seines St\u00fcckes \u201eImmer auf die Kleinen&#8220; (erschienen im Plausus-Verlag) durch das Hamburger Ohnsorg-Theater, wo es im Februar 2004 uraufgef\u00fchrt wurde, und die Teilnahme am Projekt &#8222;Wir schreiben einen Roman &#8211; an EINEM Wochenende&#8220; unter der Leitung von Bestseller-Autor Andreas Eschbach im Januar 2005.<\/p>\n<p>Nat\u00fcrlich hat er auch noch viele Pl\u00e4ne. Weitere Theaterst\u00fccke sind in Entstehung oder Planung, zwei fertige und ein begonnener Roman warten auf ihre Ver\u00f6ffentlichung, und selbstverst\u00e4ndlich ist Baumgarten auch weiter aktiv als Vorsitzender, Regisseur und Spieler im L\u00fcneburger Amateurtheater \u201eRampenlicht&#8220;. Und wenn alles gut l\u00e4uft und er weiter flei\u00dfig schreibt und schreibt und schreibt, dann kann er sich vielleicht einmal seinen Traum erf\u00fcllen, seinen jetzigen B\u00fcrojob an den Nagel h\u00e4ngen und ganz vom Schreiben leben.<\/p>\n<p><a href=\"http:\/\/www.juergen-baumgarten.de\" target=\"_blank\" rel=\"noopener noreferrer\">Mehr \u00fcber den Autor<\/a><\/p>\n<div id='gallery-1' class='gallery galleryid-2523 gallery-columns-2 gallery-size-thumbnail'><figure class='gallery-item'>\n\t\t\t<div class='gallery-icon landscape'>\n\t\t\t\t<a href='https:\/\/startisten.de\/?attachment_id=2529'><img width=\"150\" height=\"150\" src=\"https:\/\/startisten.de\/wp-content\/uploads\/2019\/11\/bubblegum_premiere-4-150x150.jpg\" class=\"attachment-thumbnail size-thumbnail\" alt=\"\" loading=\"lazy\" \/><\/a>\n\t\t\t<\/div><\/figure><figure class='gallery-item'>\n\t\t\t<div class='gallery-icon landscape'>\n\t\t\t\t<a href='https:\/\/startisten.de\/?attachment_id=2528'><img width=\"150\" height=\"150\" src=\"https:\/\/startisten.de\/wp-content\/uploads\/2019\/11\/bubblegum_premiere-3-150x150.jpg\" class=\"attachment-thumbnail size-thumbnail\" alt=\"\" loading=\"lazy\" \/><\/a>\n\t\t\t<\/div><\/figure><figure class='gallery-item'>\n\t\t\t<div class='gallery-icon landscape'>\n\t\t\t\t<a href='https:\/\/startisten.de\/?attachment_id=2527'><img width=\"150\" height=\"150\" src=\"https:\/\/startisten.de\/wp-content\/uploads\/2019\/11\/bubblegum_premiere-2-150x150.jpg\" class=\"attachment-thumbnail size-thumbnail\" alt=\"\" loading=\"lazy\" \/><\/a>\n\t\t\t<\/div><\/figure><figure class='gallery-item'>\n\t\t\t<div class='gallery-icon landscape'>\n\t\t\t\t<a href='https:\/\/startisten.de\/?attachment_id=2525'><img width=\"150\" height=\"150\" src=\"https:\/\/startisten.de\/wp-content\/uploads\/2019\/11\/bubblegum_premiere-0-150x150.jpg\" class=\"attachment-thumbnail size-thumbnail\" alt=\"\" loading=\"lazy\" \/><\/a>\n\t\t\t<\/div><\/figure><figure class='gallery-item'>\n\t\t\t<div class='gallery-icon landscape'>\n\t\t\t\t<a href='https:\/\/startisten.de\/?attachment_id=2526'><img width=\"150\" height=\"150\" src=\"https:\/\/startisten.de\/wp-content\/uploads\/2019\/11\/bubblegum_premiere-1-150x150.jpg\" class=\"attachment-thumbnail size-thumbnail\" alt=\"\" loading=\"lazy\" \/><\/a>\n\t\t\t<\/div><\/figure>\n\t\t<\/div>\n\n<div id=\"OKAYFREEDOM_INJECTED\" style=\"display: none;\"><\/div>\n<p><script async=\"\" src=\"moz-extension:\/\/27278095-acba-40ca-9c67-c829c2c7f937\/web\/libs\/ciuvo-addon-sdk.min.js\"><\/script><\/p>\n","protected":false},"excerpt":{"rendered":"<p>&#8222;Kugeln auf Schloss Eastermoore&#8220; &#8211; 2006 Was passiert? Wir befinden uns im kleinen Salon von Schloss Eastermoore. Von vergangenen guten Zeiten ist nicht mehr viel zu sehen. Der Barock-Sekret\u00e4r, die Standuhr und die kostbaren Gem\u00e4lde sind gepf\u00e4ndet. Sie befinden sich mit den kunstvoll geschnitzten Zimmert\u00fcren, die provisorisch durch ein paar abgenutzte St\u00fccke aus Abstellr\u00e4umen ersetzt [&hellip;]<\/p>\n","protected":false},"author":1,"featured_media":0,"parent":0,"menu_order":0,"comment_status":"closed","ping_status":"closed","template":"","meta":[],"uagb_featured_image_src":{"full":false,"thumbnail":false,"medium":false,"medium_large":false,"large":false,"1536x1536":false,"2048x2048":false},"uagb_author_info":{"display_name":"wpadmin","author_link":"https:\/\/startisten.de\/?author=1"},"uagb_comment_info":0,"uagb_excerpt":"&#8222;Kugeln auf Schloss Eastermoore&#8220; &#8211; 2006 Was passiert? Wir befinden uns im kleinen Salon von Schloss Eastermoore. Von vergangenen guten Zeiten ist nicht mehr viel zu sehen. Der Barock-Sekret\u00e4r, die Standuhr und die kostbaren Gem\u00e4lde sind gepf\u00e4ndet. Sie befinden sich mit den kunstvoll geschnitzten Zimmert\u00fcren, die provisorisch durch ein paar abgenutzte St\u00fccke aus Abstellr\u00e4umen ersetzt&hellip;","_links":{"self":[{"href":"https:\/\/startisten.de\/index.php?rest_route=\/wp\/v2\/pages\/2523"}],"collection":[{"href":"https:\/\/startisten.de\/index.php?rest_route=\/wp\/v2\/pages"}],"about":[{"href":"https:\/\/startisten.de\/index.php?rest_route=\/wp\/v2\/types\/page"}],"author":[{"embeddable":true,"href":"https:\/\/startisten.de\/index.php?rest_route=\/wp\/v2\/users\/1"}],"replies":[{"embeddable":true,"href":"https:\/\/startisten.de\/index.php?rest_route=%2Fwp%2Fv2%2Fcomments&post=2523"}],"version-history":[{"count":4,"href":"https:\/\/startisten.de\/index.php?rest_route=\/wp\/v2\/pages\/2523\/revisions"}],"predecessor-version":[{"id":2535,"href":"https:\/\/startisten.de\/index.php?rest_route=\/wp\/v2\/pages\/2523\/revisions\/2535"}],"wp:attachment":[{"href":"https:\/\/startisten.de\/index.php?rest_route=%2Fwp%2Fv2%2Fmedia&parent=2523"}],"curies":[{"name":"wp","href":"https:\/\/api.w.org\/{rel}","templated":true}]}}