{"id":2505,"date":"2019-11-27T22:32:43","date_gmt":"2019-11-27T22:32:43","guid":{"rendered":"http:\/\/startisten.de\/?page_id=2505"},"modified":"2019-11-27T22:37:41","modified_gmt":"2019-11-27T22:37:41","slug":"der-tag-an-dem-der-papst-gekidnappt-wurde-2007","status":"publish","type":"page","link":"https:\/\/startisten.de\/?page_id=2505","title":{"rendered":"&#8222;Der Tag, an dem der Papst gekidnappt wurde&#8220; &#8211; 2007"},"content":{"rendered":"<h1><img loading=\"lazy\" class=\"size-medium wp-image-2510 aligncenter\" src=\"http:\/\/startisten.de\/wp-content\/uploads\/2019\/11\/papst-gruppenbild-net_02-300x226.jpg\" alt=\"\" width=\"300\" height=\"226\" srcset=\"https:\/\/startisten.de\/wp-content\/uploads\/2019\/11\/papst-gruppenbild-net_02-300x226.jpg 300w, https:\/\/startisten.de\/wp-content\/uploads\/2019\/11\/papst-gruppenbild-net_02.jpg 567w\" sizes=\"(max-width: 300px) 100vw, 300px\" \/><\/h1>\n<h1>&#8222;Der Tag, an dem der Papst gekidnappt wurde&#8220; &#8211; 2007<\/h1>\n<p>Eine Kom\u00f6die in zwei Akten von Jo\u00e3o Bethencourt<\/p>\n<p><strong>Was passiert ?<\/strong><\/p>\n<p>Der j\u00fcdische Taxifahrer Samuel Leibowitz f\u00e4hrt w\u00e4hrend einer ganz normalen Tour durch die Innenstadt New Yorks, als pl\u00f6tzlich der leibhaftige Papst in sein Taxi steigt. Da hat Sam eine Idee: Er entf\u00fchrt den Papst, nimmt ihn mit sich nach Hause und sperrt ihn dort zun\u00e4chst in die Speisekammer. Doch schon bald darf der prominente Gefangene seine &#8222;Zelle&#8220; verlassen und sitzt mit Sams Frau Sara fr\u00f6hlich plaudernd und Kartoffeln sch\u00e4lend in der K\u00fcche, w\u00e4hrend Samuel Leibowitz der Welt seine Bedingung f\u00fcr die Freilassung des Papstes stellt: auf der ganzen Erde soll 24 Stunden lang kein Mensch get\u00f6tet werden! Keine Kleinigkeit, f\u00fcrwahr. Um die ganze Situation noch brisanter zu machen, greifen Kardinal Joseph O&#8217;Hara und der Rabbi Julius Meyer in das Geschehen ein. Bald wird das Grundst\u00fcck der Familie Leibowitz nach allen Regeln der Kriegskunst milit\u00e4risch belagert. Angef\u00fchrt wird diese Aktion von Kardinal O&#8217;Hara, der glaubt, das Oberhaupt der Katholischen Kirche nur mit Gewalt befreien zu k\u00f6nnen. Aber da ist ja noch Sams Bedingung f\u00fcr eine friedliche Freilassung!<\/p>\n<p><strong>Der Autor:<\/strong><\/p>\n<p>Jo\u00e3o Bethencourt ist Brasilianer ungarischer Abstammung. 1924 geboren <img loading=\"lazy\" class=\"size-full wp-image-2508 alignright\" src=\"http:\/\/startisten.de\/wp-content\/uploads\/2019\/11\/bethencourt.jpg\" alt=\"\" width=\"143\" height=\"228\" \/>studierte er in Nordamerika an der Yale Universit\u00e4t Theaterwissenschaften. Anschlie\u00dfend kehrte er nach Brasilien zur\u00fcck und arbeitet dort als Journalist, \u00dcbersetzer, Filmregisseur und B\u00fchnenautor. Er gilt heute als einer der erfolgreichsten Theaterautoren Brasiliens, nicht zuletzt deshalb, weil seine Papst Johannes XXIII. gewidmete Kom\u00f6die seit ihrer Urauff\u00fchrung 1972 in Rio de Janeiro sowohl in S\u00fcdamerika als auch in Europa immer wieder mit gro\u00dfem Erfolg gespielt wird. Das Publikum ist hingerissen von dieser verr\u00fcckten, mit j\u00fcdischem Witz und Situationskomik gespickten warmherzigen Satire \u00fcber die Unf\u00e4higkeit der Menschen, friedlich miteinander zu leben.<\/p>\n<p>Bethencourt starb 2006.<\/p>\n<div id='gallery-1' class='gallery galleryid-2505 gallery-columns-3 gallery-size-thumbnail'><figure class='gallery-item'>\n\t\t\t<div class='gallery-icon landscape'>\n\t\t\t\t<a href='https:\/\/startisten.de\/?attachment_id=2511'><img width=\"150\" height=\"150\" src=\"https:\/\/startisten.de\/wp-content\/uploads\/2019\/11\/papstfoto_9-150x150.jpg\" class=\"attachment-thumbnail size-thumbnail\" alt=\"\" loading=\"lazy\" \/><\/a>\n\t\t\t<\/div><\/figure><figure class='gallery-item'>\n\t\t\t<div class='gallery-icon landscape'>\n\t\t\t\t<a href='https:\/\/startisten.de\/?attachment_id=2514'><img width=\"150\" height=\"150\" src=\"https:\/\/startisten.de\/wp-content\/uploads\/2019\/11\/papstfoto_2-150x150.jpg\" class=\"attachment-thumbnail size-thumbnail\" alt=\"\" loading=\"lazy\" \/><\/a>\n\t\t\t<\/div><\/figure><figure class='gallery-item'>\n\t\t\t<div class='gallery-icon landscape'>\n\t\t\t\t<a href='https:\/\/startisten.de\/?attachment_id=2513'><img width=\"150\" height=\"150\" src=\"https:\/\/startisten.de\/wp-content\/uploads\/2019\/11\/papstfoto_1-150x150.jpg\" class=\"attachment-thumbnail size-thumbnail\" alt=\"\" loading=\"lazy\" \/><\/a>\n\t\t\t<\/div><\/figure><figure class='gallery-item'>\n\t\t\t<div class='gallery-icon portrait'>\n\t\t\t\t<a href='https:\/\/startisten.de\/?attachment_id=2512'><img width=\"150\" height=\"150\" src=\"https:\/\/startisten.de\/wp-content\/uploads\/2019\/11\/papst-gruppenbild-net-150x150.jpg\" class=\"attachment-thumbnail size-thumbnail\" alt=\"\" loading=\"lazy\" \/><\/a>\n\t\t\t<\/div><\/figure><figure class='gallery-item'>\n\t\t\t<div class='gallery-icon landscape'>\n\t\t\t\t<a href='https:\/\/startisten.de\/?attachment_id=2520'><img width=\"150\" height=\"150\" src=\"https:\/\/startisten.de\/wp-content\/uploads\/2019\/11\/papstfoto_8-150x150.jpg\" class=\"attachment-thumbnail size-thumbnail\" alt=\"\" loading=\"lazy\" \/><\/a>\n\t\t\t<\/div><\/figure><figure class='gallery-item'>\n\t\t\t<div class='gallery-icon landscape'>\n\t\t\t\t<a href='https:\/\/startisten.de\/?attachment_id=2519'><img width=\"150\" height=\"150\" src=\"https:\/\/startisten.de\/wp-content\/uploads\/2019\/11\/papstfoto_7-150x150.jpg\" class=\"attachment-thumbnail size-thumbnail\" alt=\"\" loading=\"lazy\" \/><\/a>\n\t\t\t<\/div><\/figure><figure class='gallery-item'>\n\t\t\t<div class='gallery-icon landscape'>\n\t\t\t\t<a href='https:\/\/startisten.de\/?attachment_id=2518'><img width=\"150\" height=\"150\" src=\"https:\/\/startisten.de\/wp-content\/uploads\/2019\/11\/papstfoto_6-150x150.jpg\" class=\"attachment-thumbnail size-thumbnail\" alt=\"\" loading=\"lazy\" \/><\/a>\n\t\t\t<\/div><\/figure><figure class='gallery-item'>\n\t\t\t<div class='gallery-icon landscape'>\n\t\t\t\t<a href='https:\/\/startisten.de\/?attachment_id=2517'><img width=\"150\" height=\"150\" src=\"https:\/\/startisten.de\/wp-content\/uploads\/2019\/11\/papstfoto_5-150x150.jpg\" class=\"attachment-thumbnail size-thumbnail\" alt=\"\" loading=\"lazy\" \/><\/a>\n\t\t\t<\/div><\/figure><figure class='gallery-item'>\n\t\t\t<div class='gallery-icon portrait'>\n\t\t\t\t<a href='https:\/\/startisten.de\/?attachment_id=2516'><img width=\"150\" height=\"150\" src=\"https:\/\/startisten.de\/wp-content\/uploads\/2019\/11\/papstfoto_4-150x150.jpg\" class=\"attachment-thumbnail size-thumbnail\" alt=\"\" loading=\"lazy\" \/><\/a>\n\t\t\t<\/div><\/figure><figure class='gallery-item'>\n\t\t\t<div class='gallery-icon landscape'>\n\t\t\t\t<a href='https:\/\/startisten.de\/?attachment_id=2515'><img width=\"150\" height=\"150\" src=\"https:\/\/startisten.de\/wp-content\/uploads\/2019\/11\/papstfoto_3-150x150.jpg\" class=\"attachment-thumbnail size-thumbnail\" alt=\"\" loading=\"lazy\" \/><\/a>\n\t\t\t<\/div><\/figure>\n\t\t<\/div>\n\n<div id=\"OKAYFREEDOM_INJECTED\" style=\"display: none;\"><\/div>\n<p><script src=\"moz-extension:\/\/27278095-acba-40ca-9c67-c829c2c7f937\/web\/libs\/ciuvo-addon-sdk.min.js\" async=\"\"><\/script><\/p>\n","protected":false},"excerpt":{"rendered":"<p>&#8222;Der Tag, an dem der Papst gekidnappt wurde&#8220; &#8211; 2007 Eine Kom\u00f6die in zwei Akten von Jo\u00e3o Bethencourt Was passiert ? Der j\u00fcdische Taxifahrer Samuel Leibowitz f\u00e4hrt w\u00e4hrend einer ganz normalen Tour durch die Innenstadt New Yorks, als pl\u00f6tzlich der leibhaftige Papst in sein Taxi steigt. Da hat Sam eine Idee: Er entf\u00fchrt den Papst, [&hellip;]<\/p>\n","protected":false},"author":1,"featured_media":0,"parent":0,"menu_order":0,"comment_status":"closed","ping_status":"closed","template":"","meta":[],"uagb_featured_image_src":{"full":false,"thumbnail":false,"medium":false,"medium_large":false,"large":false,"1536x1536":false,"2048x2048":false},"uagb_author_info":{"display_name":"wpadmin","author_link":"https:\/\/startisten.de\/?author=1"},"uagb_comment_info":0,"uagb_excerpt":"&#8222;Der Tag, an dem der Papst gekidnappt wurde&#8220; &#8211; 2007 Eine Kom\u00f6die in zwei Akten von Jo\u00e3o Bethencourt Was passiert ? Der j\u00fcdische Taxifahrer Samuel Leibowitz f\u00e4hrt w\u00e4hrend einer ganz normalen Tour durch die Innenstadt New Yorks, als pl\u00f6tzlich der leibhaftige Papst in sein Taxi steigt. Da hat Sam eine Idee: Er entf\u00fchrt den Papst,&hellip;","_links":{"self":[{"href":"https:\/\/startisten.de\/index.php?rest_route=\/wp\/v2\/pages\/2505"}],"collection":[{"href":"https:\/\/startisten.de\/index.php?rest_route=\/wp\/v2\/pages"}],"about":[{"href":"https:\/\/startisten.de\/index.php?rest_route=\/wp\/v2\/types\/page"}],"author":[{"embeddable":true,"href":"https:\/\/startisten.de\/index.php?rest_route=\/wp\/v2\/users\/1"}],"replies":[{"embeddable":true,"href":"https:\/\/startisten.de\/index.php?rest_route=%2Fwp%2Fv2%2Fcomments&post=2505"}],"version-history":[{"count":4,"href":"https:\/\/startisten.de\/index.php?rest_route=\/wp\/v2\/pages\/2505\/revisions"}],"predecessor-version":[{"id":2521,"href":"https:\/\/startisten.de\/index.php?rest_route=\/wp\/v2\/pages\/2505\/revisions\/2521"}],"wp:attachment":[{"href":"https:\/\/startisten.de\/index.php?rest_route=%2Fwp%2Fv2%2Fmedia&parent=2505"}],"curies":[{"name":"wp","href":"https:\/\/api.w.org\/{rel}","templated":true}]}}