{"id":1920,"date":"2018-07-12T19:31:15","date_gmt":"2018-07-12T19:31:15","guid":{"rendered":"https:\/\/websitedemos.net\/alex13\/?page_id=6"},"modified":"2024-10-14T17:49:48","modified_gmt":"2024-10-14T17:49:48","slug":"home","status":"publish","type":"page","link":"https:\/\/startisten.de\/","title":{"rendered":"Startseite"},"content":{"rendered":"<h1><strong>Willkommen<a href=\"http:\/\/startisten.de\/wp-content\/uploads\/2019\/11\/IMG_20191109_205837-scaled.jpg\"><img loading=\"lazy\" class=\"alignright wp-image-2401 size-medium\" src=\"http:\/\/startisten.de\/wp-content\/uploads\/2019\/11\/IMG_20191109_205837-300x215.jpg\" alt=\"\" width=\"300\" height=\"215\" srcset=\"https:\/\/startisten.de\/wp-content\/uploads\/2019\/11\/IMG_20191109_205837-300x215.jpg 300w, https:\/\/startisten.de\/wp-content\/uploads\/2019\/11\/IMG_20191109_205837-1024x735.jpg 1024w, https:\/\/startisten.de\/wp-content\/uploads\/2019\/11\/IMG_20191109_205837-768x551.jpg 768w, https:\/\/startisten.de\/wp-content\/uploads\/2019\/11\/IMG_20191109_205837-1536x1102.jpg 1536w, https:\/\/startisten.de\/wp-content\/uploads\/2019\/11\/IMG_20191109_205837-2048x1469.jpg 2048w\" sizes=\"(max-width: 300px) 100vw, 300px\" \/><\/a><\/strong><\/h1>\n<p>beim Internetauftritt der Bonner Theatergruppe Startisten. 1984 hatte alles begonnen: als Theaterkreis Br\u00fcser Berg der Evangelischen Johanniskirchengemeinde Bonn-Duisdorf. Wer mehr dar\u00fcber erfahren will, <a href=\"http:\/\/startisten.de\/?page_id=26\">wird hier f\u00fcndig<\/a>.<\/p>\n<p><img loading=\"lazy\" class=\" wp-image-2554 alignleft\" src=\"http:\/\/startisten.de\/wp-content\/uploads\/2019\/11\/Logo-Startisten-2019-300x217.jpg\" alt=\"\" width=\"252\" height=\"182\" srcset=\"https:\/\/startisten.de\/wp-content\/uploads\/2019\/11\/Logo-Startisten-2019-300x217.jpg 300w, https:\/\/startisten.de\/wp-content\/uploads\/2019\/11\/Logo-Startisten-2019.jpg 614w\" sizes=\"(max-width: 252px) 100vw, 252px\" \/>Es lohnt sich, ein wenig auf den Seiten zu st\u00f6bern. Da sieht man vor allen Dingen, wie sich die Menschen \u00fcber Jahre, sogar Jahrzehnte ver\u00e4ndern. Aber nicht wirklich zum Schlechteren. Es spricht ja auch f\u00fcr sich, dass so viele so lange schon dabei sind und immer noch auf der B\u00fchne stehen. Und vor allem Dingen mit einem: Spa\u00df.<\/p>\n<p>Wer genau nachgerechnet hat, stellt fest: Das Ensemble ist mittlerweile stolze 40 Jahre alt. Ein Grund, diesen runden Geburtstag mit einem neuen St\u00fcck zu feiern.<\/p>\n<p style=\"text-align: center;\">__________________________________________<\/p>\n<p>&nbsp;<\/p>\n<p><a href=\"http:\/\/startisten.de\/wp-content\/uploads\/2024\/10\/Mobster-Square.jpg\"><img loading=\"lazy\" class=\"aligncenter size-medium wp-image-2827\" src=\"http:\/\/startisten.de\/wp-content\/uploads\/2024\/10\/Mobster-Square-300x171.jpg\" alt=\"\" width=\"300\" height=\"171\" srcset=\"https:\/\/startisten.de\/wp-content\/uploads\/2024\/10\/Mobster-Square-300x171.jpg 300w, https:\/\/startisten.de\/wp-content\/uploads\/2024\/10\/Mobster-Square-1024x585.jpg 1024w, https:\/\/startisten.de\/wp-content\/uploads\/2024\/10\/Mobster-Square-768x439.jpg 768w, https:\/\/startisten.de\/wp-content\/uploads\/2024\/10\/Mobster-Square-1536x878.jpg 1536w, https:\/\/startisten.de\/wp-content\/uploads\/2024\/10\/Mobster-Square.jpg 1792w\" sizes=\"(max-width: 300px) 100vw, 300px\" \/><\/a><\/p>\n<p>Auch im Jubil\u00e4umsjahr belohnen die STARTISTEN sich und ihr Publikum wieder mit einer Eigenproduktion:<\/p>\n<h3 style=\"text-align: center;\"><span style=\"color: #000080;\"><strong>\u201eMobster Square\u201c, einer Gaunerkom\u00f6die in zwei Akten<\/strong><\/span><\/h3>\n<p><span id=\"more-2824\"><\/span>Sie waren noch nie am Mobster Square? Dann kennen Sie auch Amys Blumenladen, Glitters Juweliergesch\u00e4ft und Bettys Coffee Shop noch nicht. Am Mobster Square passiert so einiges. Wenn Sie dabei sein wollen, dann kommen Sie im November zu den STARTISTEN.<\/p>\n<p><strong>Die Termine:<\/strong><\/p>\n<p>Samstag, 16. November<br \/>\nSonntag, 17. November<br \/>\nFreitag, 22. November<br \/>\nSamstag, 23. November<\/p>\n<p><strong>Gro\u00dfer Saal des Ortsteilzentrums Br\u00fcser Berg<\/strong><br \/>\nFahrenheitstr. 49, 53125 Bonn<\/p>\n<p>Beginn jeweils 19 Uhr<\/p>\n<p><strong>Eintritt:<\/strong> 15 \u20ac | Sch\u00fcler*innen \/ Studierende 12 \u20ac<br \/>\nKarten an der Abendkasse<\/p>\n<p>Vorbestellungen m\u00f6glich auf startisten2024(a)email.de<\/p>\n","protected":false},"excerpt":{"rendered":"<p>Willkommen beim Internetauftritt der Bonner Theatergruppe Startisten. 1984 hatte alles begonnen: als Theaterkreis Br\u00fcser Berg der Evangelischen Johanniskirchengemeinde Bonn-Duisdorf. Wer mehr dar\u00fcber erfahren will, wird hier f\u00fcndig. Es lohnt sich, ein wenig auf den Seiten zu st\u00f6bern. Da sieht man vor allen Dingen, wie sich die Menschen \u00fcber Jahre, sogar Jahrzehnte ver\u00e4ndern. Aber nicht wirklich [&hellip;]<\/p>\n","protected":false},"author":1,"featured_media":0,"parent":0,"menu_order":0,"comment_status":"closed","ping_status":"closed","template":"","meta":[],"uagb_featured_image_src":{"full":false,"thumbnail":false,"medium":false,"medium_large":false,"large":false,"1536x1536":false,"2048x2048":false},"uagb_author_info":{"display_name":"wpadmin","author_link":"https:\/\/startisten.de\/?author=1"},"uagb_comment_info":0,"uagb_excerpt":"Willkommen beim Internetauftritt der Bonner Theatergruppe Startisten. 1984 hatte alles begonnen: als Theaterkreis Br\u00fcser Berg der Evangelischen Johanniskirchengemeinde Bonn-Duisdorf. Wer mehr dar\u00fcber erfahren will, wird hier f\u00fcndig. Es lohnt sich, ein wenig auf den Seiten zu st\u00f6bern. Da sieht man vor allen Dingen, wie sich die Menschen \u00fcber Jahre, sogar Jahrzehnte ver\u00e4ndern. Aber nicht wirklich&hellip;","_links":{"self":[{"href":"https:\/\/startisten.de\/index.php?rest_route=\/wp\/v2\/pages\/1920"}],"collection":[{"href":"https:\/\/startisten.de\/index.php?rest_route=\/wp\/v2\/pages"}],"about":[{"href":"https:\/\/startisten.de\/index.php?rest_route=\/wp\/v2\/types\/page"}],"author":[{"embeddable":true,"href":"https:\/\/startisten.de\/index.php?rest_route=\/wp\/v2\/users\/1"}],"replies":[{"embeddable":true,"href":"https:\/\/startisten.de\/index.php?rest_route=%2Fwp%2Fv2%2Fcomments&post=1920"}],"version-history":[{"count":29,"href":"https:\/\/startisten.de\/index.php?rest_route=\/wp\/v2\/pages\/1920\/revisions"}],"predecessor-version":[{"id":2835,"href":"https:\/\/startisten.de\/index.php?rest_route=\/wp\/v2\/pages\/1920\/revisions\/2835"}],"wp:attachment":[{"href":"https:\/\/startisten.de\/index.php?rest_route=%2Fwp%2Fv2%2Fmedia&parent=1920"}],"curies":[{"name":"wp","href":"https:\/\/api.w.org\/{rel}","templated":true}]}}